Suppose -8*s + 9*s + 12 = 0. Let j(k) = -6*k**2 - 5*k + 1. Let q be j(2). What are the prime factors of -12*(1 - q/s)?
3, 7
What are the prime factors of (-4 - (-2 - 3)) + -2 + 1046?
5, 11, 19
Suppose 25 = 3*m + 7*b - 2*b, 0 = -3*b + 6. Suppose o - 57 = -5*g + 338, 375 = m*g - 3*o. What are the prime factors of 1806/g + (-4)/26?
23
Suppose 3*w = 7*w + 32. List the prime factors of 2/w + (-819)/(-12).
2, 17
Suppose 5*d = 2*a + 6*d - 1018, -5*d + 2550 = 5*a. List the prime factors of a.
2, 127
Let q(v) = -16*v**2 - v - 1. Let a be 0 + 1 + (-2 - 0). Let r be q(a). What are the prime factors of (-2)/(-1)*(-184)/r?
23
Let o = -46 + 51. Suppose -4*s + 6*s + 500 = o*a, 0 = -2*a - 5*s + 229. What are the prime factors of a?
2, 3, 17
What are the prime factors of (-3759)/(((-2)/4)/((-4)/(-8)))?
3, 7, 179
Let d(h) = 4*h + 5. Suppose -2*g + 2 = 2*u, 10 = 5*u - 3*u - 2*g. Suppose -s + 12 = u*s. What are the prime factors of d(s)?
17
Let v = -47 - -546. List the prime factors of v.
499
Suppose -4*b = -4*n + 5 + 3, 15 = 5*n - 4*b. What are the prime factors of n?
7
Let n(u) = u**3 + 15*u**2 + 15*u + 8. List the prime factors of n(-5).
3, 61
Suppose -2*t = -m - 3 - 7, 4*m - 5*t = -31. Let h be (-3 - (-2)/m)*-2. Suppose -2*q + h*q = 80. List the prime factors of q.
2
Let b = -5 - 14. Let i(f) = -f**3 - 17*f**2 + 28*f + 11. List the prime factors of i(b).
3, 67
Let r be 3/(-6*3/12). Let f = r - -72. What are the prime factors of f?
2, 5, 7
Let h(m) = -m**3 - 32*m**2 - 41*m - 74. List the prime factors of h(-31).
2, 59
Suppose 2*y + 0*y = 62. Suppose 3*i = -2*a + y, -3*a = 2*i - 34 - 0. Suppose -4*s + a*s = 3*o + 114, -4*s = -2*o - 116. List the prime factors of s.
2, 3, 5
Let q = -165 - -350. What are the prime factors of q?
5, 37
Let b(g) = -13*g**3 - 11*g**2 + 4*g - 248. Let m(s) = 7*s**3 + 6*s**2 - 2*s + 124. Let o(r) = -6*b(r) - 11*m(r). What are the prime factors of o(0)?
2, 31
Let i(z) = -21*z**3 - 5*z**2 - 2*z + 4. Let c be i(-3). Suppose -4*w + c = -0*w. Suppose -x + w = 5*u - 2*x, x - 2 = 0. List the prime factors of u.
3
Let r(z) = z**3 + z**2 - 2*z - 115. Let h be r(0). Let c = -78 - h. What are the prime factors of c?
37
Suppose 23*v - 3692 = 10614. What are the prime factors of v?
2, 311
Let k(m) be the third derivative of m**5/60 + 5*m**4/24 + 17*m**3/6 - 8*m**2. What are the prime factors of k(-9)?
53
Suppose -2*o - 52 = -4*x, 0 = -4*x - 2*o - 0*o + 60. Suppose 35*l - 37*l = -x. List the prime factors of l.
7
Suppose -3*c - 2*y = -237, 4*c + 255 = 7*c - 4*y. Suppose -579 = -5*j + c. Suppose -5*f + j = 22. List the prime factors of f.
2, 11
Let z(x) = -3*x**2 + 155*x - 56. List the prime factors of z(44).
2, 239
List the prime factors of 0 - (6/9)/(8/(-15756)).
13, 101
Let c = -454 - -802. What are the prime factors of c?
2, 3, 29
Let x(c) = 17*c**3 + 3*c**2 - 4*c + 2. Let i(k) = 2*k**2 - 15*k + 9. Let s be i(7). List the prime factors of x(s).
2, 71
List the prime factors of 34/442 - (-45252)/13.
59
List the prime factors of (-1 - 0) + (40*-11)/(-1).
439
Suppose 52*l - 73*l = -924. Let b(d) = -d**2 - 5*d + 3. Let m be b(-5). What are the prime factors of 3 - (m + -2 - l)?
2, 23
Let f(u) = 2*u - 11 + 5 - 7*u. List the prime factors of f(-6).
2, 3
Let g(s) = 352*s**2 + 20*s + 20. List the prime factors of g(-3).
2, 17, 23
What are the prime factors of 303 - (-8)/((-56)/63)?
2, 3, 7
Let q = 0 + -3. Suppose -4*g - 3*s + 22 = -0*s, -4*s - 29 = -3*g. Let i = q + g. What are the prime factors of i?
2
Let t(l) = -l**2 - 4*l - 1 + l**2 + 2*l**2. Let c be t(3). List the prime factors of 0/1 - (-145)/c.
29
Suppose 31071 = 18*r + 8103. What are the prime factors of r?
2, 11, 29
Let a(w) = 45*w + 7 + w**2 + 49*w - 90*w. What are the prime factors of a(7)?
2, 3, 7
Let q = 46 - 37. Suppose -q*o = -3*o - 186. List the prime factors of o.
31
Let r = 24 + -13. Suppose -3*k - 4*y + r = -17, 68 = 3*k - 4*y. List the prime factors of k.
2
Suppose -4*x = 2*h - 9746, -53*x + 51*x = 3*h - 14639. What are the prime factors of h?
19, 257
Suppose 3 - 4 = s. Let j be 6/(-14) + 20025/175. List the prime factors of (j/15)/(s/(-5)).
2, 19
Let j(z) = 39*z**2 + 9*z + 21. What are the prime factors of j(-4)?
3, 7, 29
Let x = -1177 - -2620. List the prime factors of x.
3, 13, 37
Let l(n) = n**2 - 5*n - 2. Let h be l(5). What are the prime factors of (57/(-18))/(h/12)?
19
Let v(x) = x**3 - 14*x**2 + 26*x + 26. Suppose 4*j + 77 = 5*b, 2*b - 25 - 4 = j. What are the prime factors of v(b)?
3, 5, 13
Suppose 1330 = 10*p + 4*p. Let k = p + 5. What are the prime factors of k?
2, 5
Let t = -1560 + 2337. List the prime factors of t.
3, 7, 37
Suppose 0 = 3*k - 5*n - 1123, 2*k - 4*n = 5*k - 1105. What are the prime factors of k?
7, 53
What are the prime factors of (-63308)/(-32) - (-3)/(-8)?
2, 23, 43
Suppose 3*t - t - 2*d - 18 = 0, 31 = 5*t + 2*d. Suppose -t*s = 5*s - 2040. What are the prime factors of s?
2, 5, 17
Let k = 10 - -4. Suppose 4*y + 66 = 5*c, c - 2*y + y = k. List the prime factors of c.
2, 5
Suppose 0 = 14*w - 11*w - 57. What are the prime factors of w?
19
Suppose 3*a - 350 = 826. List the prime factors of a.
2, 7
Suppose -3*r + 9154 = -14. List the prime factors of r.
2, 191
Suppose 3*h - w = -16, -2*h = 3*h - w + 24. Let v = h - -11. What are the prime factors of v?
7
Let x(k) = k + 6. Let r be x(0). Suppose -q + r = -4. List the prime factors of q.
2, 5
Let c = 1192 + -810. What are the prime factors of c?
2, 191
Let x = 151 - 134. Suppose 24*p = x*p + 630. What are the prime factors of p?
2, 3, 5
Let r be 14*-1*(3 + -2). Let w = r - -4. Let g = w + 31. What are the prime factors of g?
3, 7
Let z = 1553 - 1108. List the prime factors of z.
5, 89
Suppose k + 0 = 2. Suppose -187 = -k*c + 111. Suppose q - 4*q = -l - c, 0 = 2*q - 2*l - 94. List the prime factors of q.
3, 17
Let i(v) = 4*v - 6. Suppose 4*c + 5*l = 9, 1 + 3 = c + 3*l. Let d be (9/c)/(-3) + 14. What are the prime factors of i(d)?
2, 19
Suppose 0 = -2*o - 2*z + 360, 9*z - 8*z + 4 = 0. Suppose -4*w + 9*w = 2*j + 955, j - o = -w. What are the prime factors of w?
3, 7
Let k(i) = -i**3 + i + 4. Let s be k(0). Suppose -5*z - 6 - s = 0. List the prime factors of (-69)/(-6) + (-1)/z.
2, 3
Suppose 0 = 3*x + 160 - 2587. What are the prime factors of x?
809
Suppose f - 1 = 29. Let s = -28 + f. Let v(j) = 4*j**3 - 3*j**2 + 3*j - 1. List the prime factors of v(s).
5
What are the prime factors of ((-4)/(-10))/(6/11910)?
2, 397
Let k(n) = -n**3 + 35*n**2 + 44*n + 48. What are the prime factors of k(36)?
2, 3, 7
Suppose -2*k = -5*s + 176, 5*k + s - 5*s = -474. List the prime factors of (-7098)/k + (-4)/(-7).
73
Suppose 0 = -7*p + 12 + 9. Let w = 6 + 2. Let n = w - p. List the prime factors of n.
5
Suppose -39 = 2*l + 75. Let c = -29 - l. What are the prime factors of c?
2, 7
Let l(b) = 4*b**2 - 13*b + 32. List the prime factors of l(10).
2, 151
What are the prime factors of (0 + 281/1)*(-66)/(-66)?
281
Suppose j = 4*c + 28, 3*c + 64 = 3*j + c. Suppose 8*s + j = 12*s. What are the prime factors of s?
5
Suppose -19*r - 48 = -3*r. Let i(d) be the first derivative of 2*d**3/3 + 5*d**2/2 + 2*d - 1. List the prime factors of i(r).
5
Suppose -4*m - 5*l + 44 = 0, 4*m - 44 = -3*l + 5*l. Suppose 7 = -3*p - 5*f, f + m = 3*p - 3*f. Let j(v) = 35*v**2 - 2*v + 1. What are the prime factors of j(p)?
2, 17
Let w(i) = -i**3 + 7*i**2 - 3*i - 96. List the prime factors of w(-8).
2, 3, 37
Let c(j) = 23*j - 21. Let u(m) = m**2 + 1. Let q(h) = c(h) + 2*u(h). List the prime factors of q(-13).
2, 5
Let b(p) = p. Let o(j) = 6*j - 6. Let s(f) = 18*b(f) - o(f). Let a be s(3). Let m = a + -17. List the prime factors of m.
5
Let i = 2 - -16. Let r be -2 + i - (-1 - -5). List the prime factors of (r/8)/((-1)/(-18)).
3
Suppose w + 4*p = -64 + 311, -5*w - 4*p = -1203. List the prime factors of w.
239
Let g(b) = -34*b + 31. What are the prime factors of g(-13)?
11, 43
Suppose 4*d - 4056 = 480. List the prime factors of d.
2, 3, 7
Let k(o) = o**2 - 10*o - 8. Let r be k(-11). Suppose -2*c - 3*x + 83 = 0, -2*x + r = 5*c + 43. List the prime factors of c.
2, 17
Let f(a) = 13*a + 33. Let k be f(4). Let o = k - -36. List the prime factors of o.
11
Let x(f) = 58*f - 80. What are the prime factors of x(13)?
2, 337
Let r = 15 - 13. Suppose r*k + 3*k + 3*n = 792, 2*k